mon factor of 139 and 581159?
139
What is the highest common factor of 9338 and 1363?
29
Calculate the highest common divisor of 1563237 and 806.
403
Calculate the greatest common divisor of 19173 and 6225.
249
What is the highest common divisor of 44 and 34309?
11
Calculate the highest common divisor of 6 and 399225.
3
Calculate the greatest common divisor of 14 and 200774.
14
Calculate the greatest common divisor of 375 and 1375.
125
What is the highest common divisor of 241619 and 441?
49
Calculate the greatest common divisor of 102 and 5899.
17
Calculate the highest common divisor of 2754 and 149022.
306
What is the highest common factor of 40 and 850410?
10
Calculate the greatest common factor of 8 and 28984.
8
What is the greatest common factor of 115962 and 1255?
251
What is the greatest common divisor of 844 and 100225?
211
What is the highest common divisor of 723 and 367766?
241
What is the highest common factor of 855 and 1049465?
95
Calculate the greatest common divisor of 90 and 11430.
90
Calculate the highest common factor of 696 and 1776540.
348
What is the highest common divisor of 252168 and 273?
21
What is the highest common divisor of 1351 and 18721?
193
Calculate the greatest common factor of 21 and 101073.
21
What is the highest common factor of 3264 and 2380?
68
Calculate the highest common divisor of 20 and 170.
10
What is the greatest common divisor of 15494 and 762?
254
Calculate the highest common factor of 665 and 399420.
35
Calculate the highest common divisor of 4 and 230058.
2
What is the greatest common factor of 573416 and 16?
8
Calculate the greatest common divisor of 1068 and 87564.
12
What is the greatest common divisor of 24 and 1104876?
12
Calculate the greatest common factor of 23 and 694554.
23
Calculate the highest common divisor of 112240 and 782.
46
What is the greatest common divisor of 30 and 16338?
6
What is the highest common divisor of 4192 and 16244?
524
Calculate the highest common divisor of 729645 and 350.
35
What is the greatest common divisor of 148 and 4542?
2
What is the highest common divisor of 23496 and 1869?
267
What is the greatest common divisor of 148672 and 80?
16
What is the greatest common factor of 3501 and 27619?
389
What is the greatest common divisor of 73475 and 50?
25
What is the highest common divisor of 8160 and 768?
96
Calculate the greatest common factor of 45 and 20100.
15
What is the greatest common divisor of 931 and 1729?
133
What is the greatest common factor of 24 and 258?
6
Calculate the greatest common factor of 27 and 20664.
9
Calculate the greatest common factor of 64 and 49912.
8
Calculate the greatest common factor of 74112 and 6.
6
Calculate the highest common factor of 18 and 36306.
18
Calculate the highest common divisor of 28288 and 82784.
416
Calculate the greatest common divisor of 79625 and 343.
49
What is the highest common divisor of 546 and 513942?
78
What is the greatest common divisor of 8190 and 20?
10
Calculate the highest common divisor of 518 and 165984.
14
What is the highest common factor of 428664 and 72?
24
Calculate the highest common divisor of 20374 and 976.
122
What is the greatest common factor of 2788 and 10030?
34
Calculate the highest common factor of 47216 and 702.
26
Calculate the highest common divisor of 5 and 210890.
5
Calculate the greatest common factor of 56 and 195356.
28
What is the highest common factor of 10380 and 810?
30
What is the greatest common divisor of 8687 and 50575?
119
Calculate the greatest common factor of 192 and 88992.
96
Calculate the greatest common factor of 2795 and 32435.
65
Calculate the highest common divisor of 83584 and 176.
16
What is the greatest common divisor of 34 and 3681078?
34
Calculate the greatest common divisor of 2610864 and 144.
144
Calculate the greatest common divisor of 3393063 and 27.
27
What is the highest common divisor of 5822 and 18?
2
What is the greatest common factor of 34236 and 47550?
1902
What is the greatest common factor of 1812 and 3228?
12
Calculate the greatest common divisor of 228 and 354597.
57
Calculate the greatest common factor of 364 and 44226.
182
What is the greatest common factor of 677303 and 3685?
737
Calculate the highest common factor of 153 and 223533.
153
What is the highest common divisor of 1032 and 222?
6
What is the greatest common divisor of 12 and 1040580?
12
Calculate the greatest common divisor of 15409 and 168688.
811
Calculate the greatest common factor of 1394 and 8194.
34
What is the highest common divisor of 180 and 36840?
60
What is the highest common divisor of 222 and 4074?
6
Calculate the highest common factor of 2829 and 31188.
69
What is the highest common factor of 93998 and 86?
86
What is the highest common divisor of 3033 and 59649?
1011
What is the greatest common divisor of 23732 and 68?
68
Calculate the greatest common divisor of 31920 and 126.
42
Calculate the highest common factor of 190208 and 192.
64
Calculate the highest common factor of 20672 and 2992.
272
Calculate the greatest common divisor of 896 and 1688288.
224
Calculate the highest common factor of 2349 and 493.
29
What is the greatest common factor of 210 and 264075?
105
Calculate the greatest common divisor of 3920 and 5110.
70
Calculate the highest common divisor of 3020 and 590.
10
What is the highest common factor of 305 and 29951?
61
Calculate the greatest common factor of 22 and 6285433.
11
Calculate the highest common factor of 3014 and 1298.
22
What is the greatest common factor of 146556 and 11328?
708
What is the greatest common divisor of 1426 and 558?
62
What is the greatest common factor of 2002691 and 61?
61
Calculate the greatest common factor of 319 and 509443.
319
What is the greatest common divisor of 135 and 81135?
135
What is the greatest common factor of 99 and 1034847?
99
Calculate the highest common divisor of 4 and 2006.
2
Calculate the highest common divisor of 15710 and 170.
10
Calculate the highest common factor of 5673 and 837.
93
Calculate the highest common divisor of 2624 and 2650.
2
Calculate the highest common divisor of 7370 and 964130.
670
What is the greatest common factor of 377105 and 4975?
995
What is the highest common factor of 34719 and 7824?
489
Calculate the greatest common divisor of 230727 and 399.
21
What is the greatest common divisor of 1463 and 15029?
133
What is the highest common factor of 2366 and 578318?
338
What is the greatest common factor of 2000 and 752?
16
Calculate the highest common factor of 13734 and 672.
42
Calculate the highest common divisor of 6360 and 1749.
159
Calculate the greatest common divisor of 21071896 and 8.
8
What is the highest common divisor of 656 and 8912?
16
Calculate the greatest common divisor of 350 and 3430.
70
Calculate the highest common divisor of 7752 and 4104.
456
What is the highest common divisor of 44 and 77374?
22
Calculate the greatest common factor of 27420 and 60.
60
What is the highest common divisor of 238 and 20457290?
238
Calculate the greatest common factor of 28 and 285152.
28
Calculate the greatest common divisor of 19588 and 35164.
236
What is the highest common factor of 168 and 14838?
6
What is the greatest common factor of 216 and 48024?
72
What is the highest common factor of 2292 and 1807242?
1146
Calculate the greatest common divisor of 42 and 1590561.
21
What is the greatest common factor of 455 and 3146?
13
What is the highest common divisor of 1236303 and 243?
81
What is the highest common factor of 28 and 135947?
7
Calculate the highest common factor of 13419 and 3213.
189
What is the greatest common factor of 568 and 14648?
8
What is the highest common divisor of 1100568 and 84?
84
What is the highest common factor of 259 and 4396?
7
Calculate the greatest common divisor of 25 and 67885.
5
What is the greatest common factor of 510 and 340?
170
What is the highest common divisor of 20 and 84432?
4
What is the greatest common factor of 143936 and 52?
52
What is the highest common divisor of 26052 and 5460?
156
What is the greatest common factor of 72 and 257?
1
Calculate the highest common factor of 90 and 51102.
18
Calculate the greatest common factor of 18328 and 128.
8
Calculate the highest common factor of 12971 and 2975.
119
Calculate